-- https://www.phpmyadmin.net/
--

START TRANSACTION;



-- --------------------------------------------------------

--
-- Table structure for table `applicant_navbar_tb`
--

CREATE TABLE `applicant_navbar_tb` (
  `applicant_navbar_id` int(11) NOT NULL,
  `admin_id` int(11) DEFAULT NULL,
  `applicant_id` int(11) DEFAULT NULL,
  `label` varchar(200) DEFAULT NULL,
  `value` varchar(200) DEFAULT NULL,
  `nav_icon` varchar(200) DEFAULT NULL,
  `priority` int(11) DEFAULT 0,
  `status` enum('0','1') DEFAULT '0'
) ENGINE=InnoDB DEFAULT CHARSET=utf8mb4;

-- --------------------------------------------------------

--
-- Table structure for table `applicant_subscription_tb`
--

CREATE TABLE `applicant_subscription_tb` (
  `subscription_id` int(11) NOT NULL,
  `applicant_id` int(11) DEFAULT 0,
  `user_id` int(11) DEFAULT 0,
  `plan_pricing_id` int(11) DEFAULT 0,
  `plan_type` varchar(100) DEFAULT NULL,
  `payment_id` int(11) DEFAULT 0,
  `subscription_amount` float(7,2) DEFAULT 0.00,
  `start_date` datetime DEFAULT NULL,
  `end_date` datetime DEFAULT NULL,
  `subscription_status` enum('0','1','2','3') DEFAULT '0',
  `payment_status` enum('0','1') DEFAULT '0',
  `notification1` enum('0','1') NOT NULL DEFAULT '0',
  `notification2` enum('0','1') NOT NULL DEFAULT '0'
) ENGINE=InnoDB DEFAULT CHARSET=utf8mb4;

-- --------------------------------------------------------

--
-- Table structure for table `applicant_tb`
--

CREATE TABLE `applicant_tb` (
  `applicant_id` int(11) NOT NULL,
  `email` varchar(255) NOT NULL,
  `password` varchar(255) NOT NULL,
  `name` varchar(255) NOT NULL,
  `primary_contact` varchar(20) NOT NULL,
  `mobile` varchar(20) NOT NULL,
  `address` varchar(255) NOT NULL,
  `plan` int(11) NOT NULL,
  `billing` datetime NOT NULL,
  `frequency` int(11) NOT NULL,
  `status` int(11) NOT NULL,
  `show_appointments` enum('0','1') DEFAULT '0',
  `app_img` longtext DEFAULT '{"img1":{"title":"Appointment","description":"Appointment","filename":"appointment.png"},"img2":{"title":"Contact-us","description":"Contact-us","filename":"contact-us.png"},"img3":{"title":"Forms","description":"Forms","filename":"forms.png"},"img4":{"title":"Forms-2","description":"Forms-2","filename":"forms-2.png"},"img5":{"title":"Forms-3","description":"Forms-3","filename":"forms-3.png"},"img6":{"title":"Home","description":"Home","filename":"home.png"},"img7":{"title":"Notification","description":"Notification","filename":"notification.png"}}',
  `instance_id` int(11) NOT NULL,
  `state` varchar(255) NOT NULL,
  `center_name` varchar(255) NOT NULL,
  `centrepath` varchar(255) NOT NULL,
  `city` varchar(255) NOT NULL,
  `zipcode` varchar(20) NOT NULL,
  `CentreWebsiteLink` varchar(255) NOT NULL,
  `AppointmentBookingLink` varchar(255) NOT NULL,
  `NewPatientOFLink` varchar(255) NOT NULL,
  `ContactUsLink` varchar(255) NOT NULL,
  `LogoForApp` varchar(255) NOT NULL DEFAULT 'icon.png',
  `SplashScreenImage` varchar(255) NOT NULL DEFAULT 'splash.png',
  `adaptive_icon` varchar(100) NOT NULL DEFAULT 'adaptive-icon.png',
  `favicon` varchar(100) NOT NULL DEFAULT 'favicon.png',
  `NameOfCentreOnApp` varchar(255) NOT NULL,
  `covid_pdf` enum('0','1') NOT NULL DEFAULT '0',
  `covid_email` enum('0','1') NOT NULL DEFAULT '0',
  `description` text DEFAULT NULL,
  `background_color` varchar(100) DEFAULT NULL,
  `IosAppLink` varchar(250) NOT NULL,
  `AndroidAppLink` varchar(250) NOT NULL,
  `appointments_sql` enum('0','1') DEFAULT '0'
) ENGINE=MyISAM DEFAULT CHARSET=latin1;

-- --------------------------------------------------------

--
-- Table structure for table `applicant_transaction_id`
--

CREATE TABLE `applicant_transaction_id` (
  `applicant_transaction_id` int(11) NOT NULL,
  `subscription_id` int(11) DEFAULT NULL,
  `reference_no` varchar(100) DEFAULT NULL,
  `transaction_id` varchar(100) DEFAULT NULL,
  `transaction_date` datetime DEFAULT NULL,
  `subscription_payed_amount` float(7,2) DEFAULT 0.00,
  `payment_status` enum('0','1') DEFAULT NULL
) ENGINE=InnoDB DEFAULT CHARSET=utf8mb4;

-- --------------------------------------------------------

--
-- Table structure for table `applicationlog_tb`
--

CREATE TABLE `applicationlog_tb` (
  `log_id` int(11) NOT NULL,
  `last_updated` datetime NOT NULL,
  `admin_id` int(11) NOT NULL,
  `applicant_id` int(11) NOT NULL,
  `action` varchar(255) NOT NULL,
  `notes` varchar(255) NOT NULL
) ENGINE=MyISAM DEFAULT CHARSET=latin1;

-- --------------------------------------------------------

--
-- Table structure for table `center_heading_tb`
--

CREATE TABLE `center_heading_tb` (
  `id` int(11) NOT NULL,
  `center_id` int(11) NOT NULL,
  `heading_id` int(11) NOT NULL,
  `isActive` int(11) NOT NULL
) ENGINE=MyISAM DEFAULT CHARSET=latin1;

--
-- Dumping data for table `center_heading_tb`
--

INSERT INTO `center_heading_tb` (`id`, `center_id`, `heading_id`, `isActive`) VALUES
(1, 48, 4, 1),
(2, 48, 10, 0),
(3, 48, 9, 1),
(4, 48, 11, 0),
(5, 48, 12, 1),
(6, 48, 14, 1),
(7, 49, 4, 1),
(8, 49, 10, 1),
(9, 49, 9, 1),
(10, 49, 11, 0),
(11, 49, 12, 1),
(12, 49, 14, 1),
(13, 50, 4, 1),
(14, 50, 10, 1),
(15, 50, 9, 1),
(16, 50, 11, 1),
(17, 50, 12, 1),
(18, 50, 14, 1),
(19, 51, 4, 1),
(20, 51, 10, 1),
(21, 51, 9, 1),
(22, 51, 11, 1),
(23, 51, 12, 1),
(24, 51, 14, 1),
(25, 52, 4, 1),
(26, 52, 10, 1),
(27, 52, 9, 1),
(28, 52, 11, 1),
(29, 52, 12, 1),
(30, 52, 14, 1),
(31, 21, 4, 1),
(32, 21, 10, 1),
(33, 21, 14, 1);

-- --------------------------------------------------------

--
-- Table structure for table `email_template_tb`
--

CREATE TABLE `email_template_tb` (
  `id` int(11) NOT NULL,
  `name` varchar(255) NOT NULL,
  `file_name` varchar(255) NOT NULL,
  `description` text NOT NULL,
  `content` longtext NOT NULL,
  `created_date` date NOT NULL,
  `is_default` enum('0','1') NOT NULL DEFAULT '0',
  `status` enum('0','1') NOT NULL DEFAULT '0'
) ENGINE=InnoDB DEFAULT CHARSET=utf8mb4;


INSERT INTO `email_template_tb` (`id`, `name`, `file_name`, `description`, `content`, `created_date`, `is_default`, `status`) VALUES
(3, 'Update Payment', 'email_template_3.html', 'Update Payment Template', '&lt;!DOCTYPE html PUBLIC &quot;-//W3C//DTD XHTML 1.0 Transitional//EN&quot; &quot;http://www.w3.org/TR/xhtml1/DTD/xhtml1-transitional.dtd&quot;&gt;\r\n&lt;html style=&quot;width:100%;font-family:lato, &#039;helvetica neue&#039;, helvetica, arial, sans-serif;-webkit-text-size-adjust:100%;-ms-text-size-adjust:100%;padding:0;Margin:0&quot; xmlns=&quot;http://www.w3.org/1999/xhtml&quot; xmlns:o=&quot;urn:schemas-microsoft-com:office:office&quot;&gt;\r\n&lt;head&gt;&lt;meta charset=&quot;UTF-8&quot;&gt;&lt;meta content=&quot;width=device-width, initial-scale=1&quot; name=&quot;viewport&quot;&gt;&lt;meta name=&quot;x-apple-disable-message-reformatting&quot;&gt;&lt;meta http-equiv=&quot;X-UA-Compatible&quot; content=&quot;IE=edge&quot;&gt;&lt;meta content=&quot;telephone=no&quot; name=&quot;format-detection&quot;&gt;\r\n	&lt;title&gt;[site_name]&lt;/title&gt;\r\n	&lt;style type=&quot;text/css&quot;&gt;a {text-decoration: none;}\r\n	&lt;/style&gt;\r\n	&lt;style type=&quot;text/css&quot;&gt;sup { font-size: 100% !important; }\r\n	&lt;/style&gt;\r\n	&lt;link href=&quot;https://fonts.googleapis.com/css?family=Lato:400,400i,700,700i&quot; rel=&quot;stylesheet&quot; /&gt;\r\n	&lt;style type=&quot;text/css&quot;&gt;#outlook a {\r\n         padding:0;\r\n         }\r\n         .ExternalClass {\r\n         width:100%;\r\n         }\r\n         .ExternalClass,\r\n         .ExternalClass p,\r\n         .ExternalClass span,\r\n         .ExternalClass font,\r\n         .ExternalClass td,\r\n         .ExternalClass div {\r\n         line-height:100%;\r\n         }\r\n         .es-button {\r\n         mso-style-priority:100!important;\r\n         text-decoration:none!important;\r\n         }\r\n         a[x-apple-data-detectors] {\r\n         color:inherit!important;\r\n         text-decoration:none!important;\r\n         font-size:inherit!important;\r\n         font-family:inherit!important;\r\n         font-weight:inherit!important;\r\n         line-height:inherit!important;\r\n         }\r\n         .es-desk-hidden {\r\n         display:none;\r\n         float:left;\r\n         overflow:hidden;\r\n         width:0;\r\n         max-height:0;\r\n         line-height:0;\r\n         mso-hide:all;\r\n         }\r\n         [data-ogsb] .es-button {\r\n         border-width:0!important;\r\n         padding:15px 25px 15px 25px!important;\r\n         }\r\n         @media only screen and (max-width:600px) {p, ul li, ol li, a { line-height:150%!important } h1, h2, h3, h1 a, h2 a, h3 a { line-height:120%!important } h1 { font-size:30px!important; text-align:center } h2 { font-size:26px!important; text-align:center } h3 { font-size:20px!important; text-align:center } .es-header-body h1 a, .es-content-body h1 a, .es-footer-body h1 a { font-size:30px!important } .es-header-body h2 a, .es-content-body h2 a, .es-footer-body h2 a { font-size:26px!important } .es-header-body h3 a, .es-content-body h3 a, .es-footer-body h3 a { font-size:20px!important } .es-menu td a { font-size:16px!important } .es-header-body p, .es-header-body ul li, .es-header-body ol li, .es-header-body a { font-size:16px!important } .es-content-body p, .es-content-body ul li, .es-content-body ol li, .es-content-body a { font-size:16px!important } .es-footer-body p, .es-footer-body ul li, .es-footer-body ol li, .es-footer-body a { font-size:16px!important } .es-infoblock p, .es-infoblock ul li, .es-infoblock ol li, .es-infoblock a { font-size:12px!important } *[class=&quot;gmail-fix&quot;] { display:none!important } .es-m-txt-c, .es-m-txt-c h1, .es-m-txt-c h2, .es-m-txt-c h3 { text-align:center!important } .es-m-txt-r, .es-m-txt-r h1, .es-m-txt-r h2, .es-m-txt-r h3 { text-align:right!important } .es-m-txt-l, .es-m-txt-l h1, .es-m-txt-l h2, .es-m-txt-l h3 { text-align:left!important } .es-m-txt-r img, .es-m-txt-c img, .es-m-txt-l img { display:inline!important } .es-button-border { display:block!important } a.es-button, button.es-button { font-size:20px!important; display:block!important; border-width:15px 25px 15px 25px!important } .es-btn-fw { border-width:10px 0px!important; text-align:center!important } .es-adaptive table, .es-btn-fw, .es-btn-fw-brdr, .es-left, .es-right { width:100%!important } .es-content table, .es-header table, .es-footer table, .es-content, .es-footer, .es-header { width:100%!important; max-width:600px!important } .es-adapt-td { display:block!important; width:100%!important } .adapt-img { width:100%!important; height:auto!important } .es-m-p0 { padding:0px!important } .es-m-p0r { padding-right:0px!important } .es-m-p0l { padding-left:0px!important } .es-m-p0t { padding-top:0px!important } .es-m-p0b { padding-bottom:0!important } .es-m-p20b { padding-bottom:20px!important } .es-mobile-hidden, .es-hidden { display:none!important } tr.es-desk-hidden, td.es-desk-hidden, table.es-desk-hidden { width:auto!important; overflow:visible!important; float:none!important; max-height:inherit!important; line-height:inherit!important } tr.es-desk-hidden { display:table-row!important } table.es-desk-hidden { display:table!important } td.es-desk-menu-hidden { display:table-cell!important } .es-menu td { width:1%!important } table.es-table-not-adapt, .esd-block-html table { width:auto!important } table.es-social { display:inline-block!important } table.es-social td { display:inline-block!important } }\r\n	&lt;/style&gt;\r\n&lt;/head&gt;\r\n&lt;body style=&quot;width:100%;font-family:lato, &#039;helvetica neue&#039;, helvetica, arial, sans-serif;-webkit-text-size-adjust:100%;-ms-text-size-adjust:100%;padding:0;Margin:0&quot;&gt;\r\n&lt;div class=&quot;es-wrapper-color&quot; style=&quot;background-color:#ffffff&quot;&gt;\r\n&lt;table cellpadding=&quot;0&quot; cellspacing=&quot;0&quot; class=&quot;es-wrapper&quot; style=&quot;mso-table-lspace:0pt;mso-table-rspace:0pt;border-collapse:collapse;border-spacing:0px;padding:0;Margin:0;width:600px;height:100%;background-repeat:repeat;background-position:center top; border: 1px solid #f4f4f4;&quot; width=&quot;600px&quot;&gt;\r\n	&lt;tbody&gt;\r\n		&lt;tr style=&quot;border-collapse:collapse&quot;&gt;\r\n			&lt;td style=&quot;padding:0;Margin:0&quot; valign=&quot;top&quot;&gt;\r\n			&lt;table align=&quot;center&quot; cellpadding=&quot;0&quot; cellspacing=&quot;0&quot; class=&quot;es-content&quot; style=&quot;mso-table-lspace:0pt;mso-table-rspace:0pt;border-collapse:collapse;border-spacing:0px;table-layout:fixed !important;width:100%&quot;&gt;\r\n				&lt;tbody&gt;\r\n					&lt;tr style=&quot;border-collapse:collapse&quot;&gt;\r\n						&lt;td align=&quot;center&quot; bgcolor=&quot;#ffffff&quot; style=&quot;padding:0;Margin:0;background-color:#ffffff&quot;&gt;\r\n						&lt;table align=&quot;center&quot; cellpadding=&quot;0&quot; cellspacing=&quot;0&quot; class=&quot;es-content-body&quot; style=&quot;mso-table-lspace:0pt;mso-table-rspace:0pt;border-collapse:collapse;border-spacing:0px;background-color:transparent;width:600px&quot;&gt;\r\n							&lt;tbody&gt;\r\n								&lt;tr style=&quot;border-collapse:collapse&quot;&gt;\r\n									&lt;td align=&quot;left&quot; style=&quot;padding:0;Margin:0&quot;&gt;\r\n									&lt;table cellpadding=&quot;0&quot; cellspacing=&quot;0&quot; style=&quot;mso-table-lspace:0pt;mso-table-rspace:0pt;border-collapse:collapse;border-spacing:0px&quot; width=&quot;100%&quot;&gt;\r\n										&lt;tbody&gt;\r\n											&lt;tr style=&quot;border-collapse:collapse&quot;&gt;\r\n												&lt;td align=&quot;center&quot; style=&quot;padding:0;Margin:0;width:600px&quot; valign=&quot;top&quot;&gt;\r\n												&lt;table bgcolor=&quot;#ffffff&quot; cellpadding=&quot;0&quot; cellspacing=&quot;0&quot; role=&quot;presentation&quot; style=&quot;mso-table-lspace:0pt;mso-table-rspace:0pt;border-collapse:separate;border-spacing:0px;background-color:#ffffff;border-radius:4px;&quot; width=&quot;100%&quot;&gt;\r\n													&lt;tbody&gt;\r\n														&lt;tr style=&quot;border-collapse:collapse; background-color:#20aae5;&quot;&gt;\r\n															&lt;td align=&quot;center&quot; style=&quot;Margin:0;padding-bottom:5px;padding-left:30px;padding-right:30px;padding-top:15px&quot;&gt;\r\n															&lt;h1 style=&quot;Margin:0;line-height:43px;mso-line-height-rule:exactly;font-family:lato, &#039;helvetica neue&#039;, helvetica, arial, sans-serif;font-size:24px;font-style:normal;font-weight:normal;color:#ffffff&quot;&gt;&lt;strong&gt;[site_name]&lt;/strong&gt;&lt;/h1&gt;\r\n															&lt;/td&gt;\r\n														&lt;/tr&gt;\r\n													&lt;/tbody&gt;\r\n												&lt;/table&gt;\r\n												&lt;/td&gt;\r\n											&lt;/tr&gt;\r\n										&lt;/tbody&gt;\r\n									&lt;/table&gt;\r\n									&lt;/td&gt;\r\n								&lt;/tr&gt;\r\n							&lt;/tbody&gt;\r\n						&lt;/table&gt;\r\n						&lt;/td&gt;\r\n					&lt;/tr&gt;\r\n				&lt;/tbody&gt;\r\n			&lt;/table&gt;\r\n\r\n			&lt;table align=&quot;center&quot; cellpadding=&quot;0&quot; cellspacing=&quot;0&quot; class=&quot;es-content&quot; style=&quot;mso-table-lspace:0pt;mso-table-rspace:0pt;border-collapse:collapse;border-spacing:0px;table-layout:fixed !important;width:100%&quot;&gt;\r\n				&lt;tbody&gt;\r\n					&lt;tr style=&quot;border-collapse:collapse&quot;&gt;\r\n						&lt;td align=&quot;center&quot; style=&quot;padding:0;Margin:0&quot;&gt;\r\n						&lt;table align=&quot;center&quot; cellpadding=&quot;0&quot; cellspacing=&quot;0&quot; class=&quot;es-content-body&quot; style=&quot;mso-table-lspace:0pt;mso-table-rspace:0pt;border-collapse:collapse;border-spacing:0px;background-color:transparent;width:600px&quot;&gt;\r\n							&lt;tbody&gt;\r\n								&lt;tr style=&quot;border-collapse:collapse&quot;&gt;\r\n									&lt;td align=&quot;left&quot; style=&quot;padding:0;Margin:0&quot;&gt;\r\n									&lt;table cellpadding=&quot;0&quot; cellspacing=&quot;0&quot; style=&quot;mso-table-lspace:0pt;mso-table-rspace:0pt;border-collapse:collapse;border-spacing:0px&quot; width=&quot;100%&quot;&gt;\r\n										&lt;tbody&gt;\r\n											&lt;tr style=&quot;border-collapse:collapse&quot;&gt;\r\n												&lt;td align=&quot;center&quot; style=&quot;padding:0;Margin:0;width:600px&quot; valign=&quot;top&quot;&gt;\r\n												&lt;table bgcolor=&quot;#ffffff&quot; cellpadding=&quot;0&quot; cellspacing=&quot;0&quot; role=&quot;presentation&quot; style=&quot;mso-table-lspace:0pt;mso-table-rspace:0pt;border-collapse:separate;border-spacing:0px;border-radius:4px;background-color:#ffffff&quot; width=&quot;100%&quot;&gt;\r\n													&lt;tbody&gt;\r\n														&lt;tr style=&quot;border-collapse:collapse&quot;&gt;\r\n															&lt;td align=&quot;left&quot; bgcolor=&quot;#ffffff&quot; class=&quot;es-m-txt-l&quot; style=&quot;Margin:0;padding-top:20px;padding-bottom:20px;padding-left:30px;padding-right:30px&quot;&gt;\r\n															&lt;p style=&quot;Margin:0;-webkit-text-size-adjust:none;-ms-text-size-adjust:none;mso-line-height-rule:exactly;font-family:lato, &#039;helvetica neue&#039;, helvetica, arial, sans-serif;line-height:27px;color:#666666;font-size:18px&quot;&gt;Hi,&lt;br /&gt;\r\n															&lt;br /&gt;\r\n															Your payment has been updated successfully.&lt;br /&gt;\r\n															&lt;br /&gt;\r\n															You can now login to admin panel to manage your account.&lt;/p&gt;\r\n															&lt;/td&gt;\r\n														&lt;/tr&gt;\r\n													&lt;/tbody&gt;\r\n												&lt;/table&gt;\r\n												&lt;/td&gt;\r\n											&lt;/tr&gt;\r\n										&lt;/tbody&gt;\r\n									&lt;/table&gt;\r\n									&lt;/td&gt;\r\n								&lt;/tr&gt;\r\n							&lt;/tbody&gt;\r\n						&lt;/table&gt;\r\n						&lt;/td&gt;\r\n					&lt;/tr&gt;\r\n				&lt;/tbody&gt;\r\n			&lt;/table&gt;\r\n\r\n			&lt;table align=&quot;center&quot; cellpadding=&quot;0&quot; cellspacing=&quot;0&quot; class=&quot;es-content&quot; style=&quot;mso-table-lspace:0pt;mso-table-rspace:0pt;border-collapse:collapse;border-spacing:0px;table-layout:fixed !important;width:100%&quot;&gt;\r\n				&lt;tbody&gt;\r\n					&lt;tr style=&quot;border-collapse:collapse&quot;&gt;\r\n						&lt;td align=&quot;center&quot; style=&quot;padding:0;Margin:0&quot;&gt;\r\n						&lt;table align=&quot;center&quot; cellpadding=&quot;0&quot; cellspacing=&quot;0&quot; class=&quot;es-content-body&quot; style=&quot;mso-table-lspace:0pt;mso-table-rspace:0pt;border-collapse:collapse;border-spacing:0px;background-color:transparent;width:600px&quot;&gt;\r\n							&lt;tbody&gt;\r\n								&lt;tr style=&quot;border-collapse:collapse&quot;&gt;\r\n									&lt;td align=&quot;left&quot; style=&quot;padding:0;Margin:0;padding-top:20px;padding-left:30px;padding-right:30px&quot;&gt;\r\n									&lt;table align=&quot;left&quot; cellpadding=&quot;0&quot; cellspacing=&quot;0&quot; class=&quot;es-left&quot; style=&quot;mso-table-lspace:0pt;mso-table-rspace:0pt;border-collapse:collapse;border-spacing:0px;float:left&quot;&gt;\r\n										&lt;tbody&gt;\r\n											&lt;tr style=&quot;border-collapse:collapse&quot;&gt;\r\n												&lt;td align=&quot;left&quot; class=&quot;es-m-p20b&quot; style=&quot;padding:0;Margin:0;width:260px&quot;&gt;\r\n												&lt;table cellpadding=&quot;0&quot; cellspacing=&quot;0&quot; role=&quot;presentation&quot; style=&quot;mso-table-lspace:0pt;mso-table-rspace:0pt;border-collapse:collapse;border-spacing:0px&quot; width=&quot;100%&quot;&gt;\r\n													&lt;tbody&gt;\r\n														&lt;tr style=&quot;border-collapse:collapse&quot;&gt;\r\n															&lt;td align=&quot;center&quot; style=&quot;padding:0;Margin:0&quot;&gt;&lt;span class=&quot;es-button-border&quot; style=&quot;border-style:solid;border-color:#FFA73B;background:1px;border-width:1px;display:inline-block;border-radius:2px;width:auto&quot;&gt;&lt;a class=&quot;es-button&quot; href=&quot;[admin_url]&quot; style=&quot;mso-style-priority:100 !important;text-decoration:none;-webkit-text-size-adjust:none;-ms-text-size-adjust:none;mso-line-height-rule:exactly;color:#FFFFFF;font-size:16px;border-style:solid;border-color:#FFA73B;border-width:5px 15px 5px 15px;display:inline-block;background:#FFA73B;border-radius:2px;font-family:helvetica, &#039;helvetica neue&#039;, arial, verdana, sans-serif;font-weight:normal;font-style:normal;line-height:24px;width:auto;text-align:center&quot; target=&quot;_blank&quot;&gt;Click here to login&lt;/a&gt;&lt;/span&gt;&lt;/td&gt;\r\n														&lt;/tr&gt;\r\n													&lt;/tbody&gt;\r\n												&lt;/table&gt;\r\n												&lt;/td&gt;\r\n											&lt;/tr&gt;\r\n										&lt;/tbody&gt;\r\n									&lt;/table&gt;\r\n									&lt;/td&gt;\r\n								&lt;/tr&gt;\r\n								&lt;tr style=&quot;border-collapse:collapse&quot;&gt;\r\n									&lt;td align=&quot;left&quot; style=&quot;padding:0;Margin:0&quot;&gt;\r\n									&lt;table cellpadding=&quot;0&quot; cellspacing=&quot;0&quot; style=&quot;mso-table-lspace:0pt;mso-table-rspace:0pt;border-collapse:collapse;border-spacing:0px&quot; width=&quot;100%&quot;&gt;\r\n										&lt;tbody&gt;\r\n											&lt;tr style=&quot;border-collapse:collapse&quot;&gt;\r\n												&lt;td align=&quot;center&quot; style=&quot;padding:0;Margin:0;width:600px&quot; valign=&quot;top&quot;&gt;\r\n												&lt;table bgcolor=&quot;#ffffff&quot; cellpadding=&quot;0&quot; cellspacing=&quot;0&quot; role=&quot;presentation&quot; style=&quot;mso-table-lspace:0pt;mso-table-rspace:0pt;border-collapse:separate;border-spacing:0px;border-radius:4px;background-color:#ffffff&quot; width=&quot;100%&quot;&gt;\r\n													&lt;tbody&gt;\r\n														&lt;tr style=&quot;border-collapse:collapse&quot;&gt;\r\n															&lt;td align=&quot;left&quot; bgcolor=&quot;#ffffff&quot; class=&quot;es-m-txt-l&quot; style=&quot;Margin:0;padding-top:20px;padding-bottom:20px;padding-left:30px;padding-right:30px&quot;&gt;\r\n															&lt;p style=&quot;Margin:0;-webkit-text-size-adjust:none;-ms-text-size-adjust:none;mso-line-height-rule:exactly;font-family:lato, &#039;helvetica neue&#039;, helvetica, arial, sans-serif;line-height:27px;color:#666666;font-size:18px&quot;&gt;&lt;br /&gt;\r\n															&lt;br /&gt;\r\n															Thanks,&lt;br /&gt;\r\n															[site_name] Team.&lt;/p&gt;\r\n\r\n															&lt;p style=&quot;text-align:center; width:100%; border-top:1px solid #20aae5; margin-top:20px; padding-top:20px; padding-bottom:10px; font-family:lato, &#039;helvetica neue&#039;, helvetica, arial, sans-serif;line-height:27px;color:#666666;font-size:18px;&quot;&gt;[powered_by]&lt;/p&gt;\r\n															&lt;/td&gt;\r\n														&lt;/tr&gt;\r\n													&lt;/tbody&gt;\r\n												&lt;/table&gt;\r\n												&lt;/td&gt;\r\n											&lt;/tr&gt;\r\n										&lt;/tbody&gt;\r\n									&lt;/table&gt;\r\n									&lt;/td&gt;\r\n								&lt;/tr&gt;\r\n							&lt;/tbody&gt;\r\n						&lt;/table&gt;\r\n						&lt;/td&gt;\r\n					&lt;/tr&gt;\r\n				&lt;/tbody&gt;\r\n			&lt;/table&gt;\r\n			&lt;/td&gt;\r\n		&lt;/tr&gt;\r\n	&lt;/tbody&gt;\r\n&lt;/table&gt;\r\n&lt;/div&gt;\r\n&lt;/body&gt;\r\n&lt;/html&gt;\r\n', '2022-05-18', '1', '1'),
(4, 'Email Template 4', 'email_template_4.html', 'Email Template 4', '&lt;!DOCTYPE html PUBLIC &quot;-//W3C//DTD XHTML 1.0 Transitional//EN&quot; &quot;http://www.w3.org/TR/xhtml1/DTD/xhtml1-transitional.dtd&quot;&gt;\n&lt;html style=&quot;width:100%;font-family:lato, &#039;helvetica neue&#039;, helvetica, arial, sans-serif;-webkit-text-size-adjust:100%;-ms-text-size-adjust:100%;padding:0;Margin:0&quot; xmlns=&quot;http://www.w3.org/1999/xhtml&quot; xmlns:o=&quot;urn:schemas-microsoft-com:office:office&quot;&gt;\n&lt;head&gt;&lt;meta charset=&quot;UTF-8&quot;&gt;&lt;meta content=&quot;width=device-width, initial-scale=1&quot; name=&quot;viewport&quot;&gt;&lt;meta name=&quot;x-apple-disable-message-reformatting&quot;&gt;&lt;meta http-equiv=&quot;X-UA-Compatible&quot; content=&quot;IE=edge&quot;&gt;&lt;meta content=&quot;telephone=no&quot; name=&quot;format-detection&quot;&gt;\n	&lt;title&gt;[site_name]&lt;/title&gt;\n	&lt;style type=&quot;text/css&quot;&gt;a {text-decoration: none;}\n	&lt;/style&gt;\n	&lt;style type=&quot;text/css&quot;&gt;sup { font-size: 100% !important; }\n	&lt;/style&gt;\n	&lt;link href=&quot;https://fonts.googleapis.com/css?family=Lato:400,400i,700,700i&quot; rel=&quot;stylesheet&quot; /&gt;\n	&lt;style type=&quot;text/css&quot;&gt;#outlook a {\n         padding:0;\n         }\n         .ExternalClass {\n         width:100%;\n         }\n         .ExternalClass,\n         .ExternalClass p,\n         .ExternalClass span,\n         .ExternalClass font,\n         .ExternalClass td,\n         .ExternalClass div {\n         line-height:100%;\n         }\n         .es-button {\n         mso-style-priority:100!important;\n         text-decoration:none!important;\n         }\n         a[x-apple-data-detectors] {\n         color:inherit!important;\n         text-decoration:none!important;\n         font-size:inherit!important;\n         font-family:inherit!important;\n         font-weight:inherit!important;\n         line-height:inherit!important;\n         }\n         .es-desk-hidden {\n         display:none;\n         float:left;\n         overflow:hidden;\n         width:0;\n         max-height:0;\n         line-height:0;\n         mso-hide:all;\n         }\n         [data-ogsb] .es-button {\n         border-width:0!important;\n         padding:15px 25px 15px 25px!important;\n         }\n         @media only screen and (max-width:600px) {p, ul li, ol li, a { line-height:150%!important } h1, h2, h3, h1 a, h2 a, h3 a { line-height:120%!important } h1 { font-size:30px!important; text-align:center } h2 { font-size:26px!important; text-align:center } h3 { font-size:20px!important; text-align:center } .es-header-body h1 a, .es-content-body h1 a, .es-footer-body h1 a { font-size:30px!important } .es-header-body h2 a, .es-content-body h2 a, .es-footer-body h2 a { font-size:26px!important } .es-header-body h3 a, .es-content-body h3 a, .es-footer-body h3 a { font-size:20px!important } .es-menu td a { font-size:16px!important } .es-header-body p, .es-header-body ul li, .es-header-body ol li, .es-header-body a { font-size:16px!important } .es-content-body p, .es-content-body ul li, .es-content-body ol li, .es-content-body a { font-size:16px!important } .es-footer-body p, .es-footer-body ul li, .es-footer-body ol li, .es-footer-body a { font-size:16px!important } .es-infoblock p, .es-infoblock ul li, .es-infoblock ol li, .es-infoblock a { font-size:12px!important } *[class=&quot;gmail-fix&quot;] { display:none!important } .es-m-txt-c, .es-m-txt-c h1, .es-m-txt-c h2, .es-m-txt-c h3 { text-align:center!important } .es-m-txt-r, .es-m-txt-r h1, .es-m-txt-r h2, .es-m-txt-r h3 { text-align:right!important } .es-m-txt-l, .es-m-txt-l h1, .es-m-txt-l h2, .es-m-txt-l h3 { text-align:left!important } .es-m-txt-r img, .es-m-txt-c img, .es-m-txt-l img { display:inline!important } .es-button-border { display:block!important } a.es-button, button.es-button { font-size:20px!important; display:block!important; border-width:15px 25px 15px 25px!important } .es-btn-fw { border-width:10px 0px!important; text-align:center!important } .es-adaptive table, .es-btn-fw, .es-btn-fw-brdr, .es-left, .es-right { width:100%!important } .es-content table, .es-header table, .es-footer table, .es-content, .es-footer, .es-header { width:100%!important; max-width:600px!important } .es-adapt-td { display:block!important; width:100%!important } .adapt-img { width:100%!important; height:auto!important } .es-m-p0 { padding:0px!important } .es-m-p0r { padding-right:0px!important } .es-m-p0l { padding-left:0px!important } .es-m-p0t { padding-top:0px!important } .es-m-p0b { padding-bottom:0!important } .es-m-p20b { padding-bottom:20px!important } .es-mobile-hidden, .es-hidden { display:none!important } tr.es-desk-hidden, td.es-desk-hidden, table.es-desk-hidden { width:auto!important; overflow:visible!important; float:none!important; max-height:inherit!important; line-height:inherit!important } tr.es-desk-hidden { display:table-row!important } table.es-desk-hidden { display:table!important } td.es-desk-menu-hidden { display:table-cell!important } .es-menu td { width:1%!important } table.es-table-not-adapt, .esd-block-html table { width:auto!important } table.es-social { display:inline-block!important } table.es-social td { display:inline-block!important } }\n	&lt;/style&gt;\n&lt;/head&gt;\n&lt;body style=&quot;width:100%;font-family:lato, &#039;helvetica neue&#039;, helvetica, arial, sans-serif;-webkit-text-size-adjust:100%;-ms-text-size-adjust:100%;padding:0;Margin:0&quot;&gt;\n&lt;div class=&quot;es-wrapper-color&quot; style=&quot;background-color:#ffffff&quot;&gt;\n&lt;table cellpadding=&quot;0&quot; cellspacing=&quot;0&quot; class=&quot;es-wrapper&quot; style=&quot;mso-table-lspace:0pt;mso-table-rspace:0pt;border-collapse:collapse;border-spacing:0px;padding:0;Margin:0;width:600px;height:100%;background-repeat:repeat;background-position:center top; border: 1px solid #f4f4f4;&quot; width=&quot;600px&quot;&gt;\n	&lt;tbody&gt;\n		&lt;tr style=&quot;border-collapse:collapse&quot;&gt;\n			&lt;td style=&quot;padding:0;Margin:0&quot; valign=&quot;top&quot;&gt;\n			&lt;table align=&quot;center&quot; cellpadding=&quot;0&quot; cellspacing=&quot;0&quot; class=&quot;es-content&quot; style=&quot;mso-table-lspace:0pt;mso-table-rspace:0pt;border-collapse:collapse;border-spacing:0px;table-layout:fixed !important;width:100%&quot;&gt;\n				&lt;tbody&gt;\n					&lt;tr style=&quot;border-collapse:collapse&quot;&gt;\n						&lt;td align=&quot;center&quot; bgcolor=&quot;#ffffff&quot; style=&quot;padding:0;Margin:0;background-color:#ffffff&quot;&gt;\n						&lt;table align=&quot;center&quot; cellpadding=&quot;0&quot; cellspacing=&quot;0&quot; class=&quot;es-content-body&quot; style=&quot;mso-table-lspace:0pt;mso-table-rspace:0pt;border-collapse:collapse;border-spacing:0px;background-color:transparent;width:600px&quot;&gt;\n							&lt;tbody&gt;\n								&lt;tr style=&quot;border-collapse:collapse&quot;&gt;\n									&lt;td align=&quot;left&quot; style=&quot;padding:0;Margin:0&quot;&gt;\n									&lt;table cellpadding=&quot;0&quot; cellspacing=&quot;0&quot; style=&quot;mso-table-lspace:0pt;mso-table-rspace:0pt;border-collapse:collapse;border-spacing:0px&quot; width=&quot;100%&quot;&gt;\n										&lt;tbody&gt;\n											&lt;tr style=&quot;border-collapse:collapse&quot;&gt;\n												&lt;td align=&quot;center&quot; style=&quot;padding:0;Margin:0;width:600px&quot; valign=&quot;top&quot;&gt;\n												&lt;table bgcolor=&quot;#ffffff&quot; cellpadding=&quot;0&quot; cellspacing=&quot;0&quot; role=&quot;presentation&quot; style=&quot;mso-table-lspace:0pt;mso-table-rspace:0pt;border-collapse:separate;border-spacing:0px;background-color:#ffffff;border-radius:4px;&quot; width=&quot;100%&quot;&gt;\n													&lt;tbody&gt;\n														&lt;tr style=&quot;border-collapse:collapse; background-color:#20aae5;&quot;&gt;\n															&lt;td align=&quot;center&quot; style=&quot;Margin:0;padding-bottom:5px;padding-left:30px;padding-right:30px;padding-top:15px&quot;&gt;\n															&lt;h1 style=&quot;Margin:0;line-height:43px;mso-line-height-rule:exactly;font-family:lato, &#039;helvetica neue&#039;, helvetica, arial, sans-serif;font-size:24px;font-style:normal;font-weight:normal;color:#ffffff&quot;&gt;&lt;strong&gt;[site_name]&lt;/strong&gt;&lt;/h1&gt;\n															&lt;/td&gt;\n														&lt;/tr&gt;\n													&lt;/tbody&gt;\n												&lt;/table&gt;\n												&lt;/td&gt;\n											&lt;/tr&gt;\n										&lt;/tbody&gt;\n									&lt;/table&gt;\n									&lt;/td&gt;\n								&lt;/tr&gt;\n							&lt;/tbody&gt;\n						&lt;/table&gt;\n						&lt;/td&gt;\n					&lt;/tr&gt;\n				&lt;/tbody&gt;\n			&lt;/table&gt;\n\n			&lt;table align=&quot;center&quot; cellpadding=&quot;0&quot; cellspacing=&quot;0&quot; class=&quot;es-content&quot; style=&quot;mso-table-lspace:0pt;mso-table-rspace:0pt;border-collapse:collapse;border-spacing:0px;table-layout:fixed !important;width:100%&quot;&gt;\n				&lt;tbody&gt;\n					&lt;tr style=&quot;border-collapse:collapse&quot;&gt;\n						&lt;td align=&quot;center&quot; style=&quot;padding:0;Margin:0&quot;&gt;\n						&lt;table align=&quot;center&quot; cellpadding=&quot;0&quot; cellspacing=&quot;0&quot; class=&quot;es-content-body&quot; style=&quot;mso-table-lspace:0pt;mso-table-rspace:0pt;border-collapse:collapse;border-spacing:0px;background-color:transparent;width:600px&quot;&gt;\n							&lt;tbody&gt;\n								&lt;tr style=&quot;border-collapse:collapse&quot;&gt;\n									&lt;td align=&quot;left&quot; style=&quot;padding:0;Margin:0&quot;&gt;\n									&lt;table cellpadding=&quot;0&quot; cellspacing=&quot;0&quot; style=&quot;mso-table-lspace:0pt;mso-table-rspace:0pt;border-collapse:collapse;border-spacing:0px&quot; width=&quot;100%&quot;&gt;\n										&lt;tbody&gt;\n											&lt;tr style=&quot;border-collapse:collapse&quot;&gt;\n												&lt;td align=&quot;center&quot; style=&quot;padding:0;Margin:0;width:600px&quot; valign=&quot;top&quot;&gt;\n												&lt;table bgcolor=&quot;#ffffff&quot; cellpadding=&quot;0&quot; cellspacing=&quot;0&quot; role=&quot;presentation&quot; style=&quot;mso-table-lspace:0pt;mso-table-rspace:0pt;border-collapse:separate;border-spacing:0px;border-radius:4px;background-color:#ffffff&quot; width=&quot;100%&quot;&gt;\n													&lt;tbody&gt;\n														&lt;tr style=&quot;border-collapse:collapse&quot;&gt;\n															&lt;td align=&quot;left&quot; bgcolor=&quot;#ffffff&quot; class=&quot;es-m-txt-l&quot; style=&quot;Margin:0;padding-top:20px;padding-bottom:20px;padding-left:30px;padding-right:30px&quot;&gt;\n															&lt;p style=&quot;Margin:0;-webkit-text-size-adjust:none;-ms-text-size-adjust:none;mso-line-height-rule:exactly;font-family:lato, &#039;helvetica neue&#039;, helvetica, arial, sans-serif;line-height:27px;color:#666666;font-size:18px&quot;&gt;Hi [name],&lt;br /&gt;\n															&lt;br /&gt;\n															[message_body]&lt;/p&gt;\n															&lt;/td&gt;\n														&lt;/tr&gt;\n													&lt;/tbody&gt;\n												&lt;/table&gt;\n												&lt;/td&gt;\n											&lt;/tr&gt;\n										&lt;/tbody&gt;\n									&lt;/table&gt;\n									&lt;/td&gt;\n								&lt;/tr&gt;\n							&lt;/tbody&gt;\n						&lt;/table&gt;\n						&lt;/td&gt;\n					&lt;/tr&gt;\n				&lt;/tbody&gt;\n			&lt;/table&gt;\n\n			&lt;table align=&quot;center&quot; cellpadding=&quot;0&quot; cellspacing=&quot;0&quot; class=&quot;es-content&quot; style=&quot;mso-table-lspace:0pt;mso-table-rspace:0pt;border-collapse:collapse;border-spacing:0px;table-layout:fixed !important;width:100%&quot;&gt;\n				&lt;tbody&gt;\n					&lt;tr style=&quot;border-collapse:collapse&quot;&gt;\n						&lt;td align=&quot;center&quot; style=&quot;padding:0;Margin:0&quot;&gt;\n						&lt;table align=&quot;center&quot; cellpadding=&quot;0&quot; cellspacing=&quot;0&quot; class=&quot;es-content-body&quot; style=&quot;mso-table-lspace:0pt;mso-table-rspace:0pt;border-collapse:collapse;border-spacing:0px;background-color:transparent;width:600px&quot;&gt;\n							&lt;tbody&gt;\n								&lt;tr style=&quot;border-collapse:collapse&quot;&gt;\n									&lt;td align=&quot;left&quot; style=&quot;padding:0;Margin:0;padding-top:20px;padding-left:30px;padding-right:30px&quot;&gt;\n									&lt;table align=&quot;left&quot; cellpadding=&quot;0&quot; cellspacing=&quot;0&quot; class=&quot;es-left&quot; style=&quot;mso-table-lspace:0pt;mso-table-rspace:0pt;border-collapse:collapse;border-spacing:0px;float:left&quot;&gt;\n										&lt;tbody&gt;\n											&lt;tr style=&quot;border-collapse:collapse&quot;&gt;\n												&lt;td align=&quot;left&quot; class=&quot;es-m-p20b&quot; style=&quot;padding:0;Margin:0;width:260px&quot;&gt;\n												&lt;table cellpadding=&quot;0&quot; cellspacing=&quot;0&quot; role=&quot;presentation&quot; style=&quot;mso-table-lspace:0pt;mso-table-rspace:0pt;border-collapse:collapse;border-spacing:0px&quot; width=&quot;100%&quot;&gt;\n													&lt;tbody&gt;\n														&lt;tr style=&quot;border-collapse:collapse&quot;&gt;\n															&lt;td align=&quot;center&quot; style=&quot;padding:0;Margin:0&quot;&gt;&lt;span class=&quot;es-button-border&quot; style=&quot;border-style:solid;border-color:#FFA73B;background:1px;border-width:1px;display:inline-block;border-radius:2px;width:auto&quot;&gt;&lt;a class=&quot;es-button&quot; href=&quot;[admin_url]&quot; style=&quot;mso-style-priority:100 !important;text-decoration:none;-webkit-text-size-adjust:none;-ms-text-size-adjust:none;mso-line-height-rule:exactly;color:#FFFFFF;font-size:16px;border-style:solid;border-color:#FFA73B;border-width:5px 15px 5px 15px;display:inline-block;background:#FFA73B;border-radius:2px;font-family:helvetica, &#039;helvetica neue&#039;, arial, verdana, sans-serif;font-weight:normal;font-style:normal;line-height:24px;width:auto;text-align:center&quot; target=&quot;_blank&quot;&gt;Click here to login&lt;/a&gt;&lt;/span&gt;&lt;/td&gt;\n														&lt;/tr&gt;\n													&lt;/tbody&gt;\n												&lt;/table&gt;\n												&lt;/td&gt;\n											&lt;/tr&gt;\n										&lt;/tbody&gt;\n									&lt;/table&gt;\n									&lt;/td&gt;\n								&lt;/tr&gt;\n								&lt;tr style=&quot;border-collapse:collapse&quot;&gt;\n									&lt;td align=&quot;left&quot; style=&quot;padding:0;Margin:0&quot;&gt;\n									&lt;table cellpadding=&quot;0&quot; cellspacing=&quot;0&quot; style=&quot;mso-table-lspace:0pt;mso-table-rspace:0pt;border-collapse:collapse;border-spacing:0px&quot; width=&quot;100%&quot;&gt;\n										&lt;tbody&gt;\n											&lt;tr style=&quot;border-collapse:collapse&quot;&gt;\n												&lt;td align=&quot;center&quot; style=&quot;padding:0;Margin:0;width:600px&quot; valign=&quot;top&quot;&gt;\n												&lt;table bgcolor=&quot;#ffffff&quot; cellpadding=&quot;0&quot; cellspacing=&quot;0&quot; role=&quot;presentation&quot; style=&quot;mso-table-lspace:0pt;mso-table-rspace:0pt;border-collapse:separate;border-spacing:0px;border-radius:4px;background-color:#ffffff&quot; width=&quot;100%&quot;&gt;\n													&lt;tbody&gt;\n														&lt;tr style=&quot;border-collapse:collapse&quot;&gt;\n															&lt;td align=&quot;left&quot; bgcolor=&quot;#ffffff&quot; class=&quot;es-m-txt-l&quot; style=&quot;Margin:0;padding-top:20px;padding-bottom:20px;padding-left:30px;padding-right:30px&quot;&gt;\n															&lt;p style=&quot;Margin:0;-webkit-text-size-adjust:none;-ms-text-size-adjust:none;mso-line-height-rule:exactly;font-family:lato, &#039;helvetica neue&#039;, helvetica, arial, sans-serif;line-height:27px;color:#666666;font-size:18px&quot;&gt;&lt;br /&gt;\n															&lt;br /&gt;\n															Thanks,&lt;br /&gt;\n															[site_name] Team.&lt;/p&gt;\n\n															&lt;p style=&quot;text-align:center; width:100%; border-top:1px solid #20aae5; margin-top:20px; padding-top:20px; padding-bottom:10px; font-family:lato, &#039;helvetica neue&#039;, helvetica, arial, sans-serif;line-height:27px;color:#666666;font-size:18px;&quot;&gt;[powered_by]&lt;/p&gt;\n															&lt;/td&gt;\n														&lt;/tr&gt;\n													&lt;/tbody&gt;\n												&lt;/table&gt;\n												&lt;/td&gt;\n											&lt;/tr&gt;\n										&lt;/tbody&gt;\n									&lt;/table&gt;\n									&lt;/td&gt;\n								&lt;/tr&gt;\n							&lt;/tbody&gt;\n						&lt;/table&gt;\n						&lt;/td&gt;\n					&lt;/tr&gt;\n				&lt;/tbody&gt;\n			&lt;/table&gt;\n			&lt;/td&gt;\n		&lt;/tr&gt;\n	&lt;/tbody&gt;\n&lt;/table&gt;\n&lt;/div&gt;\n&lt;/body&gt;\n&lt;/html&gt;\n', '2022-05-18', '1', '1');
INSERT INTO `email_template_tb` (`id`, `name`, `file_name`, `description`, `content`, `created_date`, `is_default`, `status`) VALUES
(5, 'Renew Subscriptions', 'renew_subscription.html', 'Renew Subscription Template', '&lt;!DOCTYPE html PUBLIC &quot;-//W3C//DTD XHTML 1.0 Transitional//EN&quot; &quot;http://www.w3.org/TR/xhtml1/DTD/xhtml1-transitional.dtd&quot;&gt;\n&lt;html style=&quot;width:100%;font-family:lato, &#039;helvetica neue&#039;, helvetica, arial, sans-serif;-webkit-text-size-adjust:100%;-ms-text-size-adjust:100%;padding:0;Margin:0&quot; xmlns=&quot;http://www.w3.org/1999/xhtml&quot; xmlns:o=&quot;urn:schemas-microsoft-com:office:office&quot;&gt;\n&lt;head&gt;&lt;meta charset=&quot;UTF-8&quot;&gt;&lt;meta content=&quot;width=device-width, initial-scale=1&quot; name=&quot;viewport&quot;&gt;&lt;meta name=&quot;x-apple-disable-message-reformatting&quot;&gt;&lt;meta http-equiv=&quot;X-UA-Compatible&quot; content=&quot;IE=edge&quot;&gt;&lt;meta content=&quot;telephone=no&quot; name=&quot;format-detection&quot;&gt;\n	&lt;title&gt;[site_name]&lt;/title&gt;\n	&lt;style type=&quot;text/css&quot;&gt;a {text-decoration: none;}\n	&lt;/style&gt;\n	&lt;style type=&quot;text/css&quot;&gt;sup { font-size: 100% !important; }\n	&lt;/style&gt;\n	&lt;link href=&quot;https://fonts.googleapis.com/css?family=Lato:400,400i,700,700i&quot; rel=&quot;stylesheet&quot; /&gt;\n	&lt;style type=&quot;text/css&quot;&gt;#outlook a {\n         padding:0;\n         }\n         .ExternalClass {\n         width:100%;\n         }\n         .ExternalClass,\n         .ExternalClass p,\n         .ExternalClass span,\n         .ExternalClass font,\n         .ExternalClass td,\n         .ExternalClass div {\n         line-height:100%;\n         }\n         .es-button {\n         mso-style-priority:100!important;\n         text-decoration:none!important;\n         }\n         a[x-apple-data-detectors] {\n         color:inherit!important;\n         text-decoration:none!important;\n         font-size:inherit!important;\n         font-family:inherit!important;\n         font-weight:inherit!important;\n         line-height:inherit!important;\n         }\n         .es-desk-hidden {\n         display:none;\n         float:left;\n         overflow:hidden;\n         width:0;\n         max-height:0;\n         line-height:0;\n         mso-hide:all;\n         }\n         [data-ogsb] .es-button {\n         border-width:0!important;\n         padding:15px 25px 15px 25px!important;\n         }\n         @media only screen and (max-width:600px) {p, ul li, ol li, a { line-height:150%!important } h1, h2, h3, h1 a, h2 a, h3 a { line-height:120%!important } h1 { font-size:30px!important; text-align:center } h2 { font-size:26px!important; text-align:center } h3 { font-size:20px!important; text-align:center } .es-header-body h1 a, .es-content-body h1 a, .es-footer-body h1 a { font-size:30px!important } .es-header-body h2 a, .es-content-body h2 a, .es-footer-body h2 a { font-size:26px!important } .es-header-body h3 a, .es-content-body h3 a, .es-footer-body h3 a { font-size:20px!important } .es-menu td a { font-size:16px!important } .es-header-body p, .es-header-body ul li, .es-header-body ol li, .es-header-body a { font-size:16px!important } .es-content-body p, .es-content-body ul li, .es-content-body ol li, .es-content-body a { font-size:16px!important } .es-footer-body p, .es-footer-body ul li, .es-footer-body ol li, .es-footer-body a { font-size:16px!important } .es-infoblock p, .es-infoblock ul li, .es-infoblock ol li, .es-infoblock a { font-size:12px!important } *[class=&quot;gmail-fix&quot;] { display:none!important } .es-m-txt-c, .es-m-txt-c h1, .es-m-txt-c h2, .es-m-txt-c h3 { text-align:center!important } .es-m-txt-r, .es-m-txt-r h1, .es-m-txt-r h2, .es-m-txt-r h3 { text-align:right!important } .es-m-txt-l, .es-m-txt-l h1, .es-m-txt-l h2, .es-m-txt-l h3 { text-align:left!important } .es-m-txt-r img, .es-m-txt-c img, .es-m-txt-l img { display:inline!important } .es-button-border { display:block!important } a.es-button, button.es-button { font-size:20px!important; display:block!important; border-width:15px 25px 15px 25px!important } .es-btn-fw { border-width:10px 0px!important; text-align:center!important } .es-adaptive table, .es-btn-fw, .es-btn-fw-brdr, .es-left, .es-right { width:100%!important } .es-content table, .es-header table, .es-footer table, .es-content, .es-footer, .es-header { width:100%!important; max-width:600px!important } .es-adapt-td { display:block!important; width:100%!important } .adapt-img { width:100%!important; height:auto!important } .es-m-p0 { padding:0px!important } .es-m-p0r { padding-right:0px!important } .es-m-p0l { padding-left:0px!important } .es-m-p0t { padding-top:0px!important } .es-m-p0b { padding-bottom:0!important } .es-m-p20b { padding-bottom:20px!important } .es-mobile-hidden, .es-hidden { display:none!important } tr.es-desk-hidden, td.es-desk-hidden, table.es-desk-hidden { width:auto!important; overflow:visible!important; float:none!important; max-height:inherit!important; line-height:inherit!important } tr.es-desk-hidden { display:table-row!important } table.es-desk-hidden { display:table!important } td.es-desk-menu-hidden { display:table-cell!important } .es-menu td { width:1%!important } table.es-table-not-adapt, .esd-block-html table { width:auto!important } table.es-social { display:inline-block!important } table.es-social td { display:inline-block!important } }\n	&lt;/style&gt;\n&lt;/head&gt;\n&lt;body style=&quot;width:100%;font-family:lato, &#039;helvetica neue&#039;, helvetica, arial, sans-serif;-webkit-text-size-adjust:100%;-ms-text-size-adjust:100%;padding:0;Margin:0&quot;&gt;\n&lt;div class=&quot;es-wrapper-color&quot; style=&quot;background-color:#ffffff&quot;&gt;\n&lt;table cellpadding=&quot;0&quot; cellspacing=&quot;0&quot; class=&quot;es-wrapper&quot; style=&quot;mso-table-lspace:0pt;mso-table-rspace:0pt;border-collapse:collapse;border-spacing:0px;padding:0;Margin:0;width:600px;height:100%;background-repeat:repeat;background-position:center top; border: 1px solid #f4f4f4;&quot; width=&quot;600px&quot;&gt;\n	&lt;tbody&gt;\n		&lt;tr style=&quot;border-collapse:collapse&quot;&gt;\n			&lt;td style=&quot;padding:0;Margin:0&quot; valign=&quot;top&quot;&gt;\n			&lt;table align=&quot;center&quot; cellpadding=&quot;0&quot; cellspacing=&quot;0&quot; class=&quot;es-content&quot; style=&quot;mso-table-lspace:0pt;mso-table-rspace:0pt;border-collapse:collapse;border-spacing:0px;table-layout:fixed !important;width:100%&quot;&gt;\n				&lt;tbody&gt;\n					&lt;tr style=&quot;border-collapse:collapse&quot;&gt;\n						&lt;td align=&quot;center&quot; bgcolor=&quot;#ffffff&quot; style=&quot;padding:0;Margin:0;background-color:#ffffff&quot;&gt;\n						&lt;table align=&quot;center&quot; cellpadding=&quot;0&quot; cellspacing=&quot;0&quot; class=&quot;es-content-body&quot; style=&quot;mso-table-lspace:0pt;mso-table-rspace:0pt;border-collapse:collapse;border-spacing:0px;background-color:transparent;width:600px&quot;&gt;\n							&lt;tbody&gt;\n								&lt;tr style=&quot;border-collapse:collapse&quot;&gt;\n									&lt;td align=&quot;left&quot; style=&quot;padding:0;Margin:0&quot;&gt;\n									&lt;table cellpadding=&quot;0&quot; cellspacing=&quot;0&quot; style=&quot;mso-table-lspace:0pt;mso-table-rspace:0pt;border-collapse:collapse;border-spacing:0px&quot; width=&quot;100%&quot;&gt;\n										&lt;tbody&gt;\n											&lt;tr style=&quot;border-collapse:collapse&quot;&gt;\n												&lt;td align=&quot;center&quot; style=&quot;padding:0;Margin:0;width:600px&quot; valign=&quot;top&quot;&gt;\n												&lt;table bgcolor=&quot;#ffffff&quot; cellpadding=&quot;0&quot; cellspacing=&quot;0&quot; role=&quot;presentation&quot; style=&quot;mso-table-lspace:0pt;mso-table-rspace:0pt;border-collapse:separate;border-spacing:0px;background-color:#ffffff;border-radius:4px;&quot; width=&quot;100%&quot;&gt;\n													&lt;tbody&gt;\n														&lt;tr style=&quot;border-collapse:collapse; background-color:#20aae5;&quot;&gt;\n															&lt;td align=&quot;center&quot; style=&quot;Margin:0;padding-bottom:5px;padding-left:30px;padding-right:30px;padding-top:15px&quot;&gt;\n															&lt;h1 style=&quot;Margin:0;line-height:43px;mso-line-height-rule:exactly;font-family:lato, &#039;helvetica neue&#039;, helvetica, arial, sans-serif;font-size:24px;font-style:normal;font-weight:normal;color:#ffffff&quot;&gt;&lt;strong&gt;[site_name]&lt;/strong&gt;&lt;/h1&gt;\n															&lt;/td&gt;\n														&lt;/tr&gt;\n													&lt;/tbody&gt;\n												&lt;/table&gt;\n												&lt;/td&gt;\n											&lt;/tr&gt;\n										&lt;/tbody&gt;\n									&lt;/table&gt;\n									&lt;/td&gt;\n								&lt;/tr&gt;\n							&lt;/tbody&gt;\n						&lt;/table&gt;\n						&lt;/td&gt;\n					&lt;/tr&gt;\n				&lt;/tbody&gt;\n			&lt;/table&gt;\n\n			&lt;table align=&quot;center&quot; cellpadding=&quot;0&quot; cellspacing=&quot;0&quot; class=&quot;es-content&quot; style=&quot;mso-table-lspace:0pt;mso-table-rspace:0pt;border-collapse:collapse;border-spacing:0px;table-layout:fixed !important;width:100%&quot;&gt;\n				&lt;tbody&gt;\n					&lt;tr style=&quot;border-collapse:collapse&quot;&gt;\n						&lt;td align=&quot;center&quot; style=&quot;padding:0;Margin:0&quot;&gt;\n						&lt;table align=&quot;center&quot; cellpadding=&quot;0&quot; cellspacing=&quot;0&quot; class=&quot;es-content-body&quot; style=&quot;mso-table-lspace:0pt;mso-table-rspace:0pt;border-collapse:collapse;border-spacing:0px;background-color:transparent;width:600px&quot;&gt;\n							&lt;tbody&gt;\n								&lt;tr style=&quot;border-collapse:collapse&quot;&gt;\n									&lt;td align=&quot;left&quot; style=&quot;padding:0;Margin:0&quot;&gt;\n									&lt;table cellpadding=&quot;0&quot; cellspacing=&quot;0&quot; style=&quot;mso-table-lspace:0pt;mso-table-rspace:0pt;border-collapse:collapse;border-spacing:0px&quot; width=&quot;100%&quot;&gt;\n										&lt;tbody&gt;\n											&lt;tr style=&quot;border-collapse:collapse&quot;&gt;\n												&lt;td align=&quot;center&quot; style=&quot;padding:0;Margin:0;width:600px&quot; valign=&quot;top&quot;&gt;\n												&lt;table bgcolor=&quot;#ffffff&quot; cellpadding=&quot;0&quot; cellspacing=&quot;0&quot; role=&quot;presentation&quot; style=&quot;mso-table-lspace:0pt;mso-table-rspace:0pt;border-collapse:separate;border-spacing:0px;border-radius:4px;background-color:#ffffff&quot; width=&quot;100%&quot;&gt;\n													&lt;tbody&gt;\n														&lt;tr style=&quot;border-collapse:collapse&quot;&gt;\n															&lt;td align=&quot;left&quot; bgcolor=&quot;#ffffff&quot; class=&quot;es-m-txt-l&quot; style=&quot;Margin:0;padding-top:20px;padding-bottom:20px;padding-left:30px;padding-right:30px&quot;&gt;\n															&lt;p style=&quot;Margin:0;-webkit-text-size-adjust:none;-ms-text-size-adjust:none;mso-line-height-rule:exactly;font-family:lato, &#039;helvetica neue&#039;, helvetica, arial, sans-serif;line-height:27px;color:#666666;font-size:18px&quot;&gt;[message_body]&lt;/p&gt;\n															&lt;/td&gt;\n														&lt;/tr&gt;\n													&lt;/tbody&gt;\n												&lt;/table&gt;\n												&lt;/td&gt;\n											&lt;/tr&gt;\n										&lt;/tbody&gt;\n									&lt;/table&gt;\n									&lt;/td&gt;\n								&lt;/tr&gt;\n							&lt;/tbody&gt;\n						&lt;/table&gt;\n						&lt;/td&gt;\n					&lt;/tr&gt;\n				&lt;/tbody&gt;\n			&lt;/table&gt;\n\n			&lt;table align=&quot;center&quot; cellpadding=&quot;0&quot; cellspacing=&quot;0&quot; class=&quot;es-content&quot; style=&quot;mso-table-lspace:0pt;mso-table-rspace:0pt;border-collapse:collapse;border-spacing:0px;table-layout:fixed !important;width:100%&quot;&gt;\n				&lt;tbody&gt;\n					&lt;tr style=&quot;border-collapse:collapse&quot;&gt;\n						&lt;td align=&quot;center&quot; style=&quot;padding:0;Margin:0&quot;&gt;\n						&lt;table align=&quot;center&quot; cellpadding=&quot;0&quot; cellspacing=&quot;0&quot; class=&quot;es-content-body&quot; style=&quot;mso-table-lspace:0pt;mso-table-rspace:0pt;border-collapse:collapse;border-spacing:0px;background-color:transparent;width:600px&quot;&gt;\n							&lt;tbody&gt;\n								&lt;tr style=&quot;border-collapse:collapse&quot;&gt;\n									&lt;td align=&quot;left&quot; style=&quot;padding:0;Margin:0;padding-top:20px;padding-left:30px;padding-right:30px&quot;&gt;\n									&lt;table align=&quot;left&quot; cellpadding=&quot;0&quot; cellspacing=&quot;0&quot; class=&quot;es-left&quot; style=&quot;mso-table-lspace:0pt;mso-table-rspace:0pt;border-collapse:collapse;border-spacing:0px;float:left&quot;&gt;\n										&lt;tbody&gt;\n											&lt;tr style=&quot;border-collapse:collapse&quot;&gt;\n												&lt;td align=&quot;left&quot; class=&quot;es-m-p20b&quot; style=&quot;padding:0;Margin:0;width:260px&quot;&gt;\n												&lt;table cellpadding=&quot;0&quot; cellspacing=&quot;0&quot; role=&quot;presentation&quot; style=&quot;mso-table-lspace:0pt;mso-table-rspace:0pt;border-collapse:collapse;border-spacing:0px&quot; width=&quot;100%&quot;&gt;\n													&lt;tbody&gt;\n														&lt;tr style=&quot;border-collapse:collapse&quot;&gt;\n															&lt;td align=&quot;center&quot; style=&quot;padding:0;Margin:0&quot;&gt;&lt;span class=&quot;es-button-border&quot; style=&quot;border-style:solid;border-color:#FFA73B;background:1px;border-width:1px;display:inline-block;border-radius:2px;width:auto&quot;&gt;&lt;a class=&quot;es-button&quot; href=&quot;[admin_url]&quot; style=&quot;mso-style-priority:100 !important;text-decoration:none;-webkit-text-size-adjust:none;-ms-text-size-adjust:none;mso-line-height-rule:exactly;color:#FFFFFF;font-size:16px;border-style:solid;border-color:#FFA73B;border-width:5px 15px 5px 15px;display:inline-block;background:#FFA73B;border-radius:2px;font-family:helvetica, &#039;helvetica neue&#039;, arial, verdana, sans-serif;font-weight:normal;font-style:normal;line-height:24px;width:auto;text-align:center&quot; target=&quot;_blank&quot;&gt;Click here to login&lt;/a&gt;&lt;/span&gt;&lt;/td&gt;\n														&lt;/tr&gt;\n													&lt;/tbody&gt;\n												&lt;/table&gt;\n												&lt;/td&gt;\n											&lt;/tr&gt;\n										&lt;/tbody&gt;\n									&lt;/table&gt;\n									&lt;/td&gt;\n								&lt;/tr&gt;\n								&lt;tr style=&quot;border-collapse:collapse&quot;&gt;\n									&lt;td align=&quot;left&quot; style=&quot;padding:0;Margin:0&quot;&gt;\n									&lt;table cellpadding=&quot;0&quot; cellspacing=&quot;0&quot; style=&quot;mso-table-lspace:0pt;mso-table-rspace:0pt;border-collapse:collapse;border-spacing:0px&quot; width=&quot;100%&quot;&gt;\n										&lt;tbody&gt;\n											&lt;tr style=&quot;border-collapse:collapse&quot;&gt;\n												&lt;td align=&quot;center&quot; style=&quot;padding:0;Margin:0;width:600px&quot; valign=&quot;top&quot;&gt;\n												&lt;table bgcolor=&quot;#ffffff&quot; cellpadding=&quot;0&quot; cellspacing=&quot;0&quot; role=&quot;presentation&quot; style=&quot;mso-table-lspace:0pt;mso-table-rspace:0pt;border-collapse:separate;border-spacing:0px;border-radius:4px;background-color:#ffffff&quot; width=&quot;100%&quot;&gt;\n													&lt;tbody&gt;\n														&lt;tr style=&quot;border-collapse:collapse&quot;&gt;\n															&lt;td align=&quot;left&quot; bgcolor=&quot;#ffffff&quot; class=&quot;es-m-txt-l&quot; style=&quot;Margin:0;padding-top:20px;padding-bottom:20px;padding-left:30px;padding-right:30px&quot;&gt;\n															&lt;p style=&quot;Margin:0;-webkit-text-size-adjust:none;-ms-text-size-adjust:none;mso-line-height-rule:exactly;font-family:lato, &#039;helvetica neue&#039;, helvetica, arial, sans-serif;line-height:27px;color:#666666;font-size:18px&quot;&gt;&lt;br /&gt;\n															&lt;br /&gt;\n															Thanks,&lt;br /&gt;\n															[site_name] Team.&lt;/p&gt;\n\n															&lt;p style=&quot;text-align:center; width:100%; border-top:1px solid #20aae5; margin-top:20px; padding-top:20px; padding-bottom:10px; font-family:lato, &#039;helvetica neue&#039;, helvetica, arial, sans-serif;line-height:27px;color:#666666;font-size:18px;&quot;&gt;[powered_by]&lt;/p&gt;\n															&lt;/td&gt;\n														&lt;/tr&gt;\n													&lt;/tbody&gt;\n												&lt;/table&gt;\n												&lt;/td&gt;\n											&lt;/tr&gt;\n										&lt;/tbody&gt;\n									&lt;/table&gt;\n									&lt;/td&gt;\n								&lt;/tr&gt;\n							&lt;/tbody&gt;\n						&lt;/table&gt;\n						&lt;/td&gt;\n					&lt;/tr&gt;\n				&lt;/tbody&gt;\n			&lt;/table&gt;\n			&lt;/td&gt;\n		&lt;/tr&gt;\n	&lt;/tbody&gt;\n&lt;/table&gt;\n&lt;/div&gt;\n&lt;/body&gt;\n&lt;/html&gt;\n', '2022-05-18', '1', '1');

-- --------------------------------------------------------

--
-- Table structure for table `forgot_password_tb`
--

CREATE TABLE `forgot_password_tb` (
  `id` int(11) NOT NULL,
  `email` varchar(255) NOT NULL,
  `random_key` varchar(255) NOT NULL,
  `expiry_time` varchar(255) NOT NULL,
  `created` varchar(255) NOT NULL,
  `status` tinyint(1) NOT NULL DEFAULT 0
) ENGINE=InnoDB DEFAULT CHARSET=utf8mb4;

-- --------------------------------------------------------

--
-- Table structure for table `forms_tb`
--

CREATE TABLE `forms_tb` (
  `form_id` int(11) NOT NULL,
  `form_name` varchar(100) NOT NULL,
  `form_description` text DEFAULT NULL,
  `created_date` date DEFAULT NULL,
  `created_by` int(11) DEFAULT 0,
  `center_id` int(11) DEFAULT 0,
  `form_json` longtext DEFAULT NULL,
  `form_code` longtext DEFAULT NULL,
  `file_name` varchar(100) DEFAULT NULL,
  `is_global` enum('0','1') DEFAULT '0',
  `is_active` enum('0','1') DEFAULT '0',
  `parent_id` int(11) DEFAULT NULL,
  `form_rtl` int(11) NOT NULL DEFAULT 0,
  `save_form_entries` enum('0','1') DEFAULT '1'
) ENGINE=InnoDB DEFAULT CHARSET=utf8mb4;

-- --------------------------------------------------------

--
-- Table structure for table `forms_value_tb`
--

CREATE TABLE `forms_value_tb` (
  `forms_value_id` int(11) NOT NULL,
  `form_id` int(11) DEFAULT NULL,
  `center_id` int(11) DEFAULT NULL,
  `date` datetime DEFAULT NULL,
  `form_content` longtext DEFAULT NULL
) ENGINE=InnoDB DEFAULT CHARSET=utf8mb4;

-- --------------------------------------------------------

--
-- Table structure for table `heading_link_tb`
--

CREATE TABLE `heading_link_tb` (
  `heading_link_id` int(11) NOT NULL,
  `heading_id` int(11) NOT NULL DEFAULT 0,
  `link_id` int(11) NOT NULL DEFAULT 0
) ENGINE=MyISAM DEFAULT CHARSET=latin1;

--
-- Dumping data for table `heading_link_tb`
--

INSERT INTO `heading_link_tb` (`heading_link_id`, `heading_id`, `link_id`) VALUES
(221, 4, 7),
(220, 4, 13),
(321, 14, 75),
(127, 12, 39),
(219, 4, 8),
(218, 4, 9),
(320, 14, 54),
(319, 14, 76),
(217, 4, 12),
(216, 4, 30),
(318, 14, 73),
(332, 10, 78),
(272, 21, 60),
(317, 14, 72),
(331, 10, 74),
(316, 14, 44),
(330, 10, 19);

-- --------------------------------------------------------

--
-- Table structure for table `heading_tb`
--

CREATE TABLE `heading_tb` (
  `heading_id` int(11) NOT NULL,
  `heading` varchar(200) NOT NULL DEFAULT '',
  `heading_img` varchar(200) DEFAULT NULL,
  `priority` int(11) NOT NULL DEFAULT 0,
  `instance` int(11) NOT NULL,
  `isActive` int(11) NOT NULL COMMENT '0-Inactive, 1-Active'
) ENGINE=MyISAM DEFAULT CHARSET=latin1;

--
-- Dumping data for table `heading_tb`
--

INSERT INTO `heading_tb` (`heading_id`, `heading`, `heading_img`, `priority`, `instance`, `isActive`) VALUES
(4, 'Menu Management ', 'fas fa-fas fa-bars', 1, 1, 1),
(10, 'Site Management', 'fas fa-fas fa-id-card', 2, 0, 1),
(14, 'Settings', 'fas fa-fas fa-cogs', 4, 0, 1),
(21, 'Form Management', 'fab fa-wpforms', 3, 0, 1);

-- --------------------------------------------------------

--
-- Table structure for table `license_tb`
--

CREATE TABLE `license_tb` (
  `license_id` int(11) NOT NULL,
  `license_key` varchar(255) DEFAULT NULL,
  `applicant_id` int(11) NOT NULL,
  `status` int(11) NOT NULL COMMENT '0-in-active,1-active,2-expired,3-payment_pending',
  `ip_address` varchar(15) NOT NULL,
  `domain` varchar(255) NOT NULL,
  `issued_on` datetime NOT NULL,
  `plan` int(11) NOT NULL,
  `hosting` int(11) NOT NULL COMMENT '1-cloud,2-hosted',
  `frequency` int(11) NOT NULL,
  `usercount` int(11) NOT NULL,
  `allowedusers` int(11) NOT NULL
) ENGINE=MyISAM DEFAULT CHARSET=latin1;

-- --------------------------------------------------------

--
-- Table structure for table `link_role_tb`
--

CREATE TABLE `link_role_tb` (
  `link_role_id` int(11) NOT NULL,
  `link_id` int(11) NOT NULL DEFAULT 0,
  `role_id` int(11) NOT NULL DEFAULT 0
) ENGINE=MyISAM DEFAULT CHARSET=latin1;

--
-- Dumping data for table `link_role_tb`
--

INSERT INTO `link_role_tb` (`link_role_id`, `link_id`, `role_id`) VALUES
(181, 27, 1),
(180, 31, 1),
(179, 26, 1),
(178, 29, 1),
(177, 7, 1),
(176, 13, 1),
(174, 8, 1),
(172, 9, 1),
(171, 12, 1),
(170, 19, 1),
(169, 30, 1),
(168, 40, 1),
(167, 25, 1),
(166, 24, 1),
(165, 28, 1),
(183, 44, 1),
(419, 75, 1),
(445, 75, 2),
(359, 54, 1),
(285, 47, 1),
(286, 48, 1),
(287, 49, 1),
(288, 50, 1),
(293, 51, 1),
(294, 52, 1),
(444, 54, 2),
(430, 76, 1),
(408, 60, 1),
(443, 78, 2),
(420, 75, 3),
(416, 72, 1),
(417, 73, 1),
(418, 74, 1),
(435, 78, 1),
(442, 60, 2);

-- --------------------------------------------------------

--
-- Table structure for table `link_tb`
--

CREATE TABLE `link_tb` (
  `link_id` int(11) NOT NULL,
  `link_name` varchar(50) NOT NULL DEFAULT '',
  `link_url` text NOT NULL DEFAULT '',
  `link_img` varchar(200) NOT NULL,
  `priority` int(5) NOT NULL DEFAULT 0,
  `description` varchar(200) NOT NULL DEFAULT '',
  `notes` text DEFAULT NULL,
  `isActive` int(11) NOT NULL,
  `instance_id` int(11) NOT NULL
) ENGINE=MyISAM DEFAULT CHARSET=latin1;

--
-- Dumping data for table `link_tb`
--

INSERT INTO `link_tb` (`link_id`, `link_name`, `link_url`, `link_img`, `priority`, `description`, `notes`, `isActive`, `instance_id`) VALUES
(9, 'Headings', 'manage-heading.php\r\nadd-heading.php\r\nedit-heading.php', 'fas fa-heading', 1, 'Add,edit,delete headings', '', 1, 1),
(8, 'Links', 'manage-link.php\r\nadd-link.php\r\nedit-link.php', 'fas fa-link', 2, 'Add,edit,delete links', '', 1, 1),
(7, 'Roles', 'manage-role.php\r\nadd-role.php\r\nedit-role.php\r\n', 'fas fa-users-cog', 3, 'Add,edit,delete roles', '', 1, 1),
(12, 'Heading Links', 'manage-link-heading.php', 'fas fa-external-link-alt', 5, 'Add,edit,delete heading links', '', 1, 1),
(13, 'Role Links', 'manage-link-role.php', 'fas fa-bezier-curve', 6, 'role link', '', 1, 1),
(19, 'Manage Site', 'manage-users.php\r\nadd-user.php\r\nedit-user.php', 'fas fa-hospital', 19, 'Manage signed up users', '', 1, 0),
(30, 'Users', 'manage-admin-users.php\r\nadd-admin-user.php\r\nedit-admin-user.php', 'fas fa-user', 30, 'Manage Admin Users ', '', 1, 0),
(44, 'General Setting ', 'manage-setting.php\r\nedit-setting.php', 'fas fa-cogs', 44, 'General setting management', '', 1, 0),
(54, 'Profile', 'profile.php', 'fas fa-address-book', 54, 'Manage profile details', '', 1, 0),
(60, 'Manage Forms', 'manage-forms.php\r\nadd-forms.php\r\nmanage-forms-entries.php', 'fas fa-sliders-h', 60, 'Manage Forms', NULL, 1, 0),
(74, 'Manage Subscriptions', 'manage-subscription.php\r\nupdate-payment.php\r\nview-subscription.php\r\n', 'fas fa-envelope-open-text', 74, '\r\n', NULL, 1, 0),
(75, 'Renew Subscription', 'renew_subscription.php', 'fas fa-envelope-open-text', 75, 'Renew Subscription', NULL, 1, 0),
(73, 'Manage Plan Pricings', 'manage-plan-pricing.php\r\nadd-plan-pricing.php', 'fas fa-dollar-sign', 73, '', NULL, 1, 0),
(72, 'Manage Payments', 'manage-payment.php\r\nadd-payment.php', 'far fa-money-bill-alt', 72, '', NULL, 1, 0),
(76, 'Manage Site Settings', 'manage-site-settings.php\r\nedit-site-setting.php', 'fas fa-sliders-h', 76, 'Manage Site Settings', NULL, 1, 0),
(78, 'Notifications', 'manage-notifications.php\r\nnotify.php\r\nnotify-centre.php\r\n', 'far fa-bell', 78, '', NULL, 1, 0);

-- --------------------------------------------------------

--
-- Table structure for table `notifications`
--

CREATE TABLE `notifications` (
  `notification_id` int(11) NOT NULL,
  `notification` text COLLATE latin1_general_ci NOT NULL,
  `center_id` int(11) NOT NULL,
  `title` varchar(255) COLLATE latin1_general_ci NOT NULL,
  `status` enum('0','1') COLLATE latin1_general_ci NOT NULL DEFAULT '1',
  `created_date` datetime NOT NULL
) ENGINE=MyISAM DEFAULT CHARSET=latin1 COLLATE=latin1_general_ci;

-- --------------------------------------------------------

--
-- Table structure for table `patient_tb`
--

CREATE TABLE `patient_tb` (
  `patientId` int(11) NOT NULL,
  `centerId` int(11) NOT NULL,
  `patientName` varchar(100) NOT NULL,
  `mcNo` varchar(50) NOT NULL,
  `ihi` varchar(100) NOT NULL,
  `dob` varchar(20) NOT NULL,
  `address` varchar(200) NOT NULL,
  `mobile` int(20) NOT NULL,
  `email` varchar(200) NOT NULL,
  `sex` enum('0','1','2') NOT NULL DEFAULT '0',
  `language` varchar(200) NOT NULL,
  `cbirth` varchar(200) NOT NULL,
  `vaccheck1` enum('0','1') NOT NULL DEFAULT '0',
  `vaccheck2` enum('0','1') NOT NULL DEFAULT '0',
  `vaccheck3` enum('0','1') DEFAULT '0',
  `vaccheck4` enum('0','1') NOT NULL DEFAULT '0',
  `vaccheck5` enum('0','1') NOT NULL DEFAULT '0',
  `vaccheck6` enum('0','1') NOT NULL DEFAULT '0',
  `vaccheck7` enum('0','1') NOT NULL DEFAULT '0',
  `vaccheck8` enum('0','1') NOT NULL DEFAULT '0',
  `vaccheck9` enum('0','1') NOT NULL DEFAULT '0',
  `vaccheck10` enum('0','1') NOT NULL DEFAULT '0',
  `vaccheck11` enum('0','1') NOT NULL DEFAULT '0',
  `vaccheck12` enum('0','1') NOT NULL DEFAULT '0',
  `vaccheck13` enum('0','1') NOT NULL DEFAULT '0',
  `vaccheck14` enum('0','1') NOT NULL DEFAULT '0',
  `vaccheck15` enum('0','1') NOT NULL DEFAULT '0',
  `vaccheck16` enum('0','1') NOT NULL DEFAULT '1',
  `vaccheck17` enum('0','1') NOT NULL DEFAULT '1',
  `vaccheck18` enum('0','1') NOT NULL,
  `vaccheck19` enum('0','1') NOT NULL,
  `vaccheck20` enum('0','1') NOT NULL,
  `vaccheck21` enum('0','1') NOT NULL,
  `vaccheck22` enum('0','1') NOT NULL,
  `vaccheck23` enum('0','1') NOT NULL,
  `vaccheck24` enum('0','1') NOT NULL,
  `vaccheck25` enum('0','1') NOT NULL,
  `vaccheck26` enum('0','1') NOT NULL,
  `vaccheck27` enum('0','1') NOT NULL,
  `vaccheck28` enum('0','1') NOT NULL,
  `vaccheck29` enum('0','1') NOT NULL,
  `vaccheck30` enum('0','1') NOT NULL,
  `vaccheck31` enum('0','1') NOT NULL,
  `vaccheck32` enum('0','1') NOT NULL,
  `aboe` enum('0','1') NOT NULL DEFAULT '0',
  `tor` enum('0','1') NOT NULL DEFAULT '0',
  `abotor` enum('0','1') NOT NULL DEFAULT '0',
  `arbno` enum('0','1') NOT NULL DEFAULT '0',
  `prefer` enum('0','1') NOT NULL DEFAULT '0',
  `abts` enum('0','1','2') NOT NULL DEFAULT '0',
  `aboyes` enum('0','1','2') NOT NULL DEFAULT '0',
  `kineme` varchar(100) NOT NULL,
  `kinname` varchar(100) NOT NULL,
  `kinphone` int(20) NOT NULL,
  `vaccine1` enum('0','1') NOT NULL DEFAULT '0',
  `vaccine2` enum('0','1') NOT NULL DEFAULT '0',
  `vaccine3` enum('0','1') NOT NULL DEFAULT '0',
  `patname` varchar(100) NOT NULL,
  `psignature` varchar(100) NOT NULL,
  `pdate` varchar(50) NOT NULL,
  `guardian` enum('0','1') NOT NULL DEFAULT '0',
  `guardname` varchar(100) NOT NULL,
  `guardsignature` varchar(100) NOT NULL,
  `guarddate` varchar(20) NOT NULL
) ENGINE=MyISAM DEFAULT CHARSET=latin1;

-- --------------------------------------------------------

--
-- Table structure for table `payment_tb`
--

CREATE TABLE `payment_tb` (
  `payment_id` int(11) NOT NULL,
  `payment_name` varchar(100) DEFAULT NULL,
  `payment_description` text DEFAULT NULL,
  `external_payment_gateway` enum('0','1') DEFAULT '0',
  `status` enum('0','1') DEFAULT '0'
) ENGINE=InnoDB DEFAULT CHARSET=utf8mb4;

--
-- Dumping data for table `payment_tb`
--

INSERT INTO `payment_tb` (`payment_id`, `payment_name`, `payment_description`, `external_payment_gateway`, `status`) VALUES
(1, 'Bank Transfer', 'Account Name: Auro Hosting\r\nAccount number: 01242560001891\r\nAccount type: CURRENT ACCOUNT\r\nBank Name: HDFC BANK\r\nAddress: 31 & 32, Balfour Road, Kilpauk, Chennai -10\r\nIFSC Code: HDFC0000124\r\nSWIFT CODE: HDFCINBBCHE', '0', '1'),
(3, 'Demand Draft', 'Please make all payments payable to:\r\nAURO HOSTING\r\nK2/49, 17th Street,\r\nAnna Nagar East,\r\nChennai 600102', '1', '1');

-- --------------------------------------------------------

--
-- Table structure for table `plan_pricing_tb`
--

CREATE TABLE `plan_pricing_tb` (
  `plan_pricing_id` int(11) NOT NULL,
  `plan_name` varchar(200) DEFAULT NULL,
  `plan_description` text DEFAULT NULL,
  `plan_features` text DEFAULT NULL,
  `plan_currency` varchar(100) DEFAULT NULL,
  `plan_monthly_price` float(7,2) DEFAULT NULL,
  `plan_yearly_price` float(7,2) DEFAULT NULL,
  `display_discount_description` enum('0','1') DEFAULT '0',
  `plan_submit_label` varchar(100) DEFAULT NULL,
  `is_recommended` enum('0','1') DEFAULT '0',
  `plan_status` enum('0','1') DEFAULT '0',
  `created_by` int(11) DEFAULT NULL,
  `created_date` datetime NOT NULL
) ENGINE=InnoDB DEFAULT CHARSET=utf8mb4;

--
-- Dumping data for table `plan_pricing_tb`
--

INSERT INTO `plan_pricing_tb` (`plan_pricing_id`, `plan_name`, `plan_description`, `plan_features`, `plan_currency`, `plan_monthly_price`, `plan_yearly_price`, `display_discount_description`, `plan_submit_label`, `is_recommended`, `plan_status`, `created_by`, `created_date`) VALUES
(4, 'Advanced', 'This is the advanced plan.', 'Everything in Basic Plan\r\nApp\r\nNotifications', 'INR', 7500.00, 75000.00, '1', 'Sign Up', '0', '1', 0, '2022-02-18 16:56:50'),
(5, 'Free', 'This is to try the features. This is to try the features. This is to try the features. ', 'Private forum \r\nUnlimited digital forms\r\nControl panel', 'INR', 0.00, 0.00, '1', 'Try Free', '0', '1', 0, '2022-02-18 16:58:25'),
(8, 'Basic', 'This is basic plan', 'All Features in free plus\r\nAppointment booking engine\r\nOnline Chat\r\nClick to call ', 'INR', 5000.00, 50000.00, '1', 'Signup', '1', '1', 0, '2022-03-29 20:52:26');

-- --------------------------------------------------------

--
-- Table structure for table `role_tb`
--

CREATE TABLE `role_tb` (
  `role_id` int(11) NOT NULL,
  `role_name` varchar(50) NOT NULL DEFAULT '',
  `instance_id` int(11) NOT NULL,
  `isActive` int(11) NOT NULL COMMENT '0-Active,1-inactive'
) ENGINE=MyISAM DEFAULT CHARSET=latin1;

--
-- Dumping data for table `role_tb`
--

INSERT INTO `role_tb` (`role_id`, `role_name`, `instance_id`, `isActive`) VALUES
(1, 'superadmin', 0, 0),
(2, 'License Manager', 0, 1),
(3, 'Non Payment', 0, 1);

-- --------------------------------------------------------

--
-- Table structure for table `setting_site_tb`
--

CREATE TABLE `setting_site_tb` (
  `site_setting_id` int(11) NOT NULL,
  `setting_name` varchar(100) NOT NULL,
  `value` text NOT NULL,
  `description` varchar(100) NOT NULL,
  `type` varchar(100) DEFAULT NULL,
  `slug` varchar(100) DEFAULT NULL,
  `is_required` enum('0','1') DEFAULT '0'
) ENGINE=InnoDB DEFAULT CHARSET=utf8mb4;

--
-- Dumping data for table `setting_site_tb`
--

INSERT INTO `setting_site_tb` (`site_setting_id`, `setting_name`, `value`, `description`, `type`, `slug`, `is_required`) VALUES
(1, 'Site name', '5M SaaS: Mobile Apps - Dev Location', 'Site name', 'site', 'site_name', '0'),
(2, 'Site tag name', 'Site Branded App Creation Tool ', 'Medical Centre Branded App Creation Tool', 'site', 'site_tag_name', '0'),
(3, 'Signup form name', 'SITE ONBOARDING FORM', 'MEDICAL CENTRE ONBOARDING FORM', 'site', 'site_form_name', '0'),
(4, 'Signup form tag name', 'This information will let us know more about your Site.', 'This information will let us know more about your Medical Centre.', 'site', 'site_form_tag', '0'),
(5, 'Success Text', 'Thank you! Your submission has been received. We will reach out to you within the next 2 business days to plan the next steps. Meanwhile, please check your email for login details.\r\n\r\nNote: If you have any questions, please write to us at support@fiveminutes.in Thank you.', 'Success Message', 'site', 'success_text', '0'),
(6, 'Site Name', 'Healthcare Provider Name', 'Healthcare Provider Name', 'signup', 'signup_site_name', '1'),
(7, 'License Number', 'License Number', 'License Number', 'signup', 'signup_license_number', '1'),
(8, 'Contact Name', 'Primary Contact Name', 'Contact Name', 'signup', 'signup_contact_name', '1'),
(9, 'Contact Number', 'Primary Contact Number', 'Contact Number', 'signup', 'signup_contact_number', '1'),
(10, 'Email ID', 'Email ID', 'Email ID', 'signup', 'signup_emailid', '1'),
(11, 'Address', 'Address', 'Address', 'signup', 'signup_address', '0'),
(12, 'Area', 'Area', 'Area', 'signup', 'signup_area', '0'),
(13, 'Zip Code', 'Makani Number', 'Zip Code', 'signup', 'signup_zip', '0'),
(14, 'Country', 'AU', 'Country', 'signup', 'signup_country', '0'),
(15, 'Footer Name', '<strong >Copyright © 2022. Powered by <a href=\"https://fiveminutes.in/\" target=\"_blank\">Maha</a></strong>', 'Footer Name', 'site', 'site_footername', '0');
-- --------------------------------------------------------

--
-- Table structure for table `setting_tb`
--

CREATE TABLE `setting_tb` (
  `setting_id` int(11) NOT NULL,
  `setting_name` varchar(225) NOT NULL,
  `value` int(11) NOT NULL COMMENT '1-yes,0-no',
  `description` varchar(255) NOT NULL
) ENGINE=MyISAM DEFAULT CHARSET=latin1;

--
-- Dumping data for table `setting_tb`
--

INSERT INTO `setting_tb` (`setting_id`, `setting_name`, `value`, `description`) VALUES
(1, 'Approval Process', 0, 'Set value to 1 to allow manual approval. Set value to 0 to allow auto approval. '),
(2, 'Free subscription validity days', 7, 'Free subscription validity days'),
(3, 'Renew Subscription - Monthly', 7, 'Renew Subscription - Monthly'),
(4, 'Renew Subscription - Annual', 30, 'Renew Subscription - Annual'),
(5, 'Disable Features for Centre Admin on Non-Payment', 0, 'Disable Features for Centre Admin on Non-Payment');

-- --------------------------------------------------------

--
-- Table structure for table `token_tb`
--

CREATE TABLE `token_tb` (
  `token_id` int(11) NOT NULL,
  `mobile_token` varchar(255) NOT NULL,
  `center_id` int(11) NOT NULL
) ENGINE=MyISAM DEFAULT CHARSET=latin1;

-- --------------------------------------------------------

--
-- Table structure for table `vaccine_details`
--

CREATE TABLE `vaccine_details` (
  `vaccineId` int(11) NOT NULL,
  `patientId` int(11) DEFAULT 0,
  `dose` varchar(20) NOT NULL,
  `vacAdmin` varchar(100) NOT NULL,
  `timeReceive` varchar(100) NOT NULL,
  `vaccineBrand` varchar(100) NOT NULL,
  `vaccineBatch` varchar(100) NOT NULL,
  `vaccineSerial` varchar(100) NOT NULL,
  `vaccineInjection` varchar(100) NOT NULL,
  `vaccineService` varchar(100) NOT NULL,
  `formvalueId` int(11) DEFAULT 0
) ENGINE=MyISAM DEFAULT CHARSET=latin1;

--
-- Indexes for table `applicant_navbar_tb`
--
ALTER TABLE `applicant_navbar_tb`
  ADD PRIMARY KEY (`applicant_navbar_id`);

--
-- Indexes for table `applicant_subscription_tb`
--
ALTER TABLE `applicant_subscription_tb`
  ADD PRIMARY KEY (`subscription_id`);

--
-- Indexes for table `applicant_tb`
--
ALTER TABLE `applicant_tb`
  ADD PRIMARY KEY (`applicant_id`);

--
-- Indexes for table `applicant_transaction_id`
--
ALTER TABLE `applicant_transaction_id`
  ADD PRIMARY KEY (`applicant_transaction_id`);

--
-- Indexes for table `applicationlog_tb`
--
ALTER TABLE `applicationlog_tb`
  ADD PRIMARY KEY (`log_id`);

--
-- Indexes for table `center_heading_tb`
--
ALTER TABLE `center_heading_tb`
  ADD PRIMARY KEY (`id`);

--
-- Indexes for table `email_template_tb`
--
ALTER TABLE `email_template_tb`
  ADD PRIMARY KEY (`id`);

--
-- Indexes for table `forgot_password_tb`
--
ALTER TABLE `forgot_password_tb`
  ADD PRIMARY KEY (`id`);

--
-- Indexes for table `forms_tb`
--
ALTER TABLE `forms_tb`
  ADD PRIMARY KEY (`form_id`);

--
-- Indexes for table `forms_value_tb`
--
ALTER TABLE `forms_value_tb`
  ADD PRIMARY KEY (`forms_value_id`);

--
-- Indexes for table `heading_link_tb`
--
ALTER TABLE `heading_link_tb`
  ADD PRIMARY KEY (`heading_link_id`);

--
-- Indexes for table `heading_tb`
--
ALTER TABLE `heading_tb`
  ADD PRIMARY KEY (`heading_id`);

--
-- Indexes for table `license_tb`
--
ALTER TABLE `license_tb`
  ADD PRIMARY KEY (`license_id`);

--
-- Indexes for table `link_role_tb`
--
ALTER TABLE `link_role_tb`
  ADD PRIMARY KEY (`link_role_id`),
  ADD KEY `link_role_id` (`link_role_id`);

--
-- Indexes for table `link_tb`
--
ALTER TABLE `link_tb`
  ADD PRIMARY KEY (`link_id`);

--
-- Indexes for table `notifications`
--
ALTER TABLE `notifications`
  ADD PRIMARY KEY (`notification_id`);

--
-- Indexes for table `patient_tb`
--
ALTER TABLE `patient_tb`
  ADD PRIMARY KEY (`patientId`),
  ADD KEY `centerId` (`centerId`);

--
-- Indexes for table `payment_tb`
--
ALTER TABLE `payment_tb`
  ADD PRIMARY KEY (`payment_id`);

--
-- Indexes for table `plan_pricing_tb`
--
ALTER TABLE `plan_pricing_tb`
  ADD PRIMARY KEY (`plan_pricing_id`);

--
-- Indexes for table `role_tb`
--
ALTER TABLE `role_tb`
  ADD PRIMARY KEY (`role_id`),
  ADD KEY `role_id` (`role_id`);

--
-- Indexes for table `setting_site_tb`
--
ALTER TABLE `setting_site_tb`
  ADD PRIMARY KEY (`site_setting_id`);

--
-- Indexes for table `setting_tb`
--
ALTER TABLE `setting_tb`
  ADD PRIMARY KEY (`setting_id`);

--
-- Indexes for table `token_tb`
--
ALTER TABLE `token_tb`
  ADD PRIMARY KEY (`token_id`);

--
-- Indexes for table `vaccine_details`
--
ALTER TABLE `vaccine_details`
  ADD PRIMARY KEY (`vaccineId`);

--
-- AUTO_INCREMENT for table `applicant_navbar_tb`
--
ALTER TABLE `applicant_navbar_tb`
  MODIFY `applicant_navbar_id` int(11) NOT NULL AUTO_INCREMENT;

--
-- AUTO_INCREMENT for table `applicant_subscription_tb`
--
ALTER TABLE `applicant_subscription_tb`
  MODIFY `subscription_id` int(11) NOT NULL AUTO_INCREMENT;

--
-- AUTO_INCREMENT for table `applicant_tb`
--
ALTER TABLE `applicant_tb`
  MODIFY `applicant_id` int(11) NOT NULL AUTO_INCREMENT;

--
-- AUTO_INCREMENT for table `applicant_transaction_id`
--
ALTER TABLE `applicant_transaction_id`
  MODIFY `applicant_transaction_id` int(11) NOT NULL AUTO_INCREMENT;

--
-- AUTO_INCREMENT for table `applicationlog_tb`
--
ALTER TABLE `applicationlog_tb`
  MODIFY `log_id` int(11) NOT NULL AUTO_INCREMENT;

--
-- AUTO_INCREMENT for table `center_heading_tb`
--
ALTER TABLE `center_heading_tb`
  MODIFY `id` int(11) NOT NULL AUTO_INCREMENT, AUTO_INCREMENT=34;

--
-- AUTO_INCREMENT for table `email_template_tb`
--
ALTER TABLE `email_template_tb`
  MODIFY `id` int(11) NOT NULL AUTO_INCREMENT, AUTO_INCREMENT=6;

--
-- AUTO_INCREMENT for table `forgot_password_tb`
--
ALTER TABLE `forgot_password_tb`
  MODIFY `id` int(11) NOT NULL AUTO_INCREMENT;

--
-- AUTO_INCREMENT for table `forms_tb`
--
ALTER TABLE `forms_tb`
  MODIFY `form_id` int(11) NOT NULL AUTO_INCREMENT;

--
-- AUTO_INCREMENT for table `forms_value_tb`
--
ALTER TABLE `forms_value_tb`
  MODIFY `forms_value_id` int(11) NOT NULL AUTO_INCREMENT;

--
-- AUTO_INCREMENT for table `heading_link_tb`
--
ALTER TABLE `heading_link_tb`
  MODIFY `heading_link_id` int(11) NOT NULL AUTO_INCREMENT, AUTO_INCREMENT=333;

--
-- AUTO_INCREMENT for table `heading_tb`
--
ALTER TABLE `heading_tb`
  MODIFY `heading_id` int(11) NOT NULL AUTO_INCREMENT, AUTO_INCREMENT=23;

--
-- AUTO_INCREMENT for table `license_tb`
--
ALTER TABLE `license_tb`
  MODIFY `license_id` int(11) NOT NULL AUTO_INCREMENT;

--
-- AUTO_INCREMENT for table `link_role_tb`
--
ALTER TABLE `link_role_tb`
  MODIFY `link_role_id` int(11) NOT NULL AUTO_INCREMENT, AUTO_INCREMENT=446;

--
-- AUTO_INCREMENT for table `link_tb`
--
ALTER TABLE `link_tb`
  MODIFY `link_id` int(11) NOT NULL AUTO_INCREMENT, AUTO_INCREMENT=81;

--
-- AUTO_INCREMENT for table `notifications`
--
ALTER TABLE `notifications`
  MODIFY `notification_id` int(11) NOT NULL AUTO_INCREMENT;

--
-- AUTO_INCREMENT for table `patient_tb`
--
ALTER TABLE `patient_tb`
  MODIFY `patientId` int(11) NOT NULL AUTO_INCREMENT;

--
-- AUTO_INCREMENT for table `payment_tb`
--
ALTER TABLE `payment_tb`
  MODIFY `payment_id` int(11) NOT NULL AUTO_INCREMENT, AUTO_INCREMENT=6;

--
-- AUTO_INCREMENT for table `plan_pricing_tb`
--
ALTER TABLE `plan_pricing_tb`
  MODIFY `plan_pricing_id` int(11) NOT NULL AUTO_INCREMENT, AUTO_INCREMENT=10;

--
-- AUTO_INCREMENT for table `role_tb`
--
ALTER TABLE `role_tb`
  MODIFY `role_id` int(11) NOT NULL AUTO_INCREMENT, AUTO_INCREMENT=5;

--
-- AUTO_INCREMENT for table `setting_site_tb`
--
ALTER TABLE `setting_site_tb`
  MODIFY `site_setting_id` int(11) NOT NULL AUTO_INCREMENT, AUTO_INCREMENT=17;

--
-- AUTO_INCREMENT for table `setting_tb`
--
ALTER TABLE `setting_tb`
  MODIFY `setting_id` int(11) NOT NULL AUTO_INCREMENT, AUTO_INCREMENT=6;

--
-- AUTO_INCREMENT for table `token_tb`
--
ALTER TABLE `token_tb`
  MODIFY `token_id` int(11) NOT NULL AUTO_INCREMENT;

--
-- AUTO_INCREMENT for table `vaccine_details`
--
ALTER TABLE `vaccine_details`
  MODIFY `vaccineId` int(11) NOT NULL AUTO_INCREMENT;
COMMIT;

